 the prime factors of 196213?
19, 23, 449
List the prime factors of 398051.
43, 9257
List the prime factors of 150110.
2, 5, 17, 883
List the prime factors of 2093728.
2, 7, 13, 719
List the prime factors of 3866819.
11, 351529
What are the prime factors of 115565?
5, 29, 797
List the prime factors of 2695073.
2695073
List the prime factors of 9238663.
7, 23, 57383
List the prime factors of 381824.
2, 19, 157
What are the prime factors of 150154?
2, 193, 389
List the prime factors of 6591260.
2, 5, 13, 101, 251
List the prime factors of 424936.
2, 53117
What are the prime factors of 2960151?
3, 986717
What are the prime factors of 89167?
13, 19
List the prime factors of 3892078.
2, 71, 27409
List the prime factors of 3019370.
2, 5, 17, 17761
What are the prime factors of 73829?
7, 53, 199
List the prime factors of 13543607.
7, 11, 175891
List the prime factors of 699198.
2, 3, 116533
List the prime factors of 834222.
2, 3, 257, 541
List the prime factors of 151902.
2, 3, 29, 97
List the prime factors of 35141347.
35141347
List the prime factors of 10331295.
3, 5, 13, 52981
List the prime factors of 156890.
2, 5, 29, 541
What are the prime factors of 66144?
2, 3, 13, 53
What are the prime factors of 687278?
2, 343639
List the prime factors of 2237335.
5, 447467
List the prime factors of 231219.
3, 23, 1117
List the prime factors of 277686.
2, 3, 15427
What are the prime factors of 8852047?
29, 305243
List the prime factors of 39445.
5, 7, 23
What are the prime factors of 2419451?
41, 59011
What are the prime factors of 21285368?
2, 13, 204667
What are the prime factors of 23223198?
2, 3, 37, 73, 1433
List the prime factors of 477186.
2, 3, 79531
What are the prime factors of 27565624?
2, 3445703
List the prime factors of 768990.
2, 3, 5, 25633
List the prime factors of 7622080.
2, 5, 23819
What are the prime factors of 11769?
3, 3923
List the prime factors of 832155.
3, 5, 29, 1913
List the prime factors of 93859.
47, 1997
List the prime factors of 347833.
19, 18307
What are the prime factors of 352379?
29, 419
What are the prime factors of 15409221?
3, 109, 47123
What are the prime factors of 34031426?
2, 11, 13, 257, 463
What are the prime factors of 140335?
5, 13, 17, 127
What are the prime factors of 227527?
47, 103
List the prime factors of 105488.
2, 19, 347
What are the prime factors of 1090601?
17, 64153
List the prime factors of 294576.
2, 3, 17, 19
List the prime factors of 60589.
60589
List the prime factors of 2778187.
43, 64609
List the prime factors of 1537864.
2, 192233
What are the prime factors of 96871?
73, 1327
What are the prime factors of 1003126?
2, 501563
List the prime factors of 70746.
2, 3, 13, 907
What are the prime factors of 766663?
367, 2089
List the prime factors of 196046.
2, 83, 1181
What are the prime factors of 530259?
3, 176753
What are the prime factors of 21498131?
617, 34843
What are the prime factors of 3733993?
41, 61, 1493
List the prime factors of 39705.
3, 5, 2647
List the prime factors of 648902.
2, 324451
What are the prime factors of 995229?
3, 110581
What are the prime factors of 118704?
2, 3, 2473
What are the prime factors of 9822889?
17, 577817
What are the prime factors of 2108802?
2, 3, 557, 631
List the prime factors of 4586910.
2, 3, 5, 152897
List the prime factors of 9701562.
2, 3, 13, 61, 2039
What are the prime factors of 218155?
5, 7, 23, 271
What are the prime factors of 180778?
2, 13, 17, 409
List the prime factors of 162991.
389, 419
List the prime factors of 5597345.
5, 13, 86113
List the prime factors of 307077.
3, 102359
List the prime factors of 617355.
3, 5, 17, 269
List the prime factors of 29617.
7, 4231
What are the prime factors of 2370739?
7, 149, 2273
What are the prime factors of 272392?
2, 79, 431
What are the prime factors of 17266249?
7, 11, 13, 47, 367
List the prime factors of 43727.
73, 599
What are the prime factors of 4012548?
2, 3, 334379
What are the prime factors of 1985529?
3, 7, 13, 1039
List the prime factors of 294354.
2, 3, 23, 79
What are the prime factors of 84180?
2, 3, 5, 23, 61
What are the prime factors of 17641854?
2, 3, 326701
What are the prime factors of 8599026?
2, 3, 47, 30493
What are the prime factors of 1843375?
5, 14747
List the prime factors of 1266851.
1266851
What are the prime factors of 4550766?
2, 3, 11, 19, 191
What are the prime factors of 190637?
379, 503
List the prime factors of 274038.
2, 3, 45673
What are the prime factors of 175440?
2, 3, 5, 17, 43
What are the prime factors of 5578199?
11, 507109
What are the prime factors of 4230502?
2, 19, 163, 683
List the prime factors of 11356929.
3, 149, 941
What are the prime factors of 929918?
2, 11, 43, 983
List the prime factors of 6169872.
2, 3, 173, 743
What are the prime factors of 370675?
5, 14827
List the prime factors of 12802364.
2, 1223, 2617
What are the prime factors of 7100020?
2, 5, 151, 2351
What are the prime factors of 1864048?
2, 113, 1031
List the prime factors of 3188891.
59, 54049
What are the prime factors of 558928?
2, 181, 193
What are the prime factors of 96581?
96581
What are the prime factors of 448344?
2, 3, 13, 479
List the prime factors of 8185142.
2, 7, 131, 4463
What are the prime factors of 18874353?
3, 19, 137, 2417
What are the prime factors of 1152774?
2, 3, 7, 1307
List the prime factors of 446902.
2, 439, 509
List the prime factors of 1498990.
2, 5, 149899
List the prime factors of 201091.
11, 101, 181
List the prime factors of 8826705.
3, 5, 151, 433
List the prime factors of 6912564.
2, 3, 397, 1451
List the prime factors of 12585118.
2, 7, 13, 69149
What are the prime factors of 489199?
251, 1949
List the prime factors of 6297739.
7, 421, 2137
List the prime factors of 1059009.
3, 7, 211, 239
What are the prime factors of 159201?
3, 7, 19
What are the prime factors of 194790?
2, 3, 5, 43, 151
What are the prime factors of 1643169?
3, 11, 17, 29, 101
List the prime factors of 98589.
3, 59, 557
List the prime factors of 176520.
2, 3, 5, 1471
List the prime factors of 492567.
3, 113, 1453
What are the prime factors of 1780078?
2, 29, 47, 653
List the prime factors of 3522433.
41, 53, 1621
List the prime factors of 12576013.
191, 65843
List the prime factors of 1199022.
2, 3, 11, 37, 491
List the prime factors of 6759818.
2, 13, 259993
List the prime factors of 13807750.
2, 5, 11, 5021
List the prime factors of 185417.
157, 1181
List the prime factors of 240468.
2, 3, 29, 691
What are the prime factors of 217208?
2, 19, 1429
What are the prime factors of 502062?
2, 3, 11, 7607
What are the prime factors of 207428?
2, 13, 3989
What are the prime factors of 229929?
3, 7, 10949
What are the prime factors of 102398?
2, 51199
What are the prime factors of 538581?
3, 179527
What are the prime factors of 248841?
3, 43, 643
What are the prime factors of 35441726?
2, 19, 932677
What are the prime factors of 948825?
3, 5, 4217
List the prime factors of 108647.
7, 11, 17, 83
What are the prime factors of 19019946?
2, 3, 11, 288181
List the prime factors of 11151569.
11, 13, 77983
What are the prime factors of 11591202?
2, 3, 7, 275981
What are the prime factors of 887303?
179, 4957
What are the prime factors of 1040007?
3, 346669
What are the prime factors of 97093?
151, 643
List the prime factors of 12290885.
5, 2458177
What are the prime factors of 40214?
2, 20107
List the prime factors of 147870.
2, 3, 5, 31, 53
List the prime factors of 698304.
2, 3, 3637
What are the prime factors of 244048?
2, 7, 2179
What are the prime factors of 336008?
2, 97, 433
What are the prime factors of 757023?
3, 252341
List the prime factors of 113545.
5, 22709
List the prime factors of 344437.
17, 20261
List the prime factors of 9054458.
2, 7, 131, 4937
What are the prime factors of 332306?
2, 13, 12781
List the prime factors of 281283.
3, 93761
List the prime factors of 4373028.
2, 3, 11, 409
List the prime factors of 3843225.
3, 5, 19, 29, 31
List the prime factors of 2349016.
2, 479, 613
List the prime factors of 686635.
5, 89, 1543
What are the prime factors of 2149749?
3, 7, 34123
What are the prime factors of 11048112?
2, 3, 73, 1051
What are the prime factors of 712259?
389, 1831
List the prime factors of 11209788.
2, 3, 101, 3083
What are the prime factors of 2